896228?
2, 53, 293, 433
What are the prime factors of 542014?
2, 11, 71, 347
List the prime factors of 2509761.
3, 17, 49211
List the prime factors of 820604.
2, 205151
What are the prime factors of 625405?
5, 11, 83, 137
List the prime factors of 2018419.
13, 139, 1117
What are the prime factors of 56793?
3, 11, 1721
What are the prime factors of 1015918?
2, 43, 11813
What are the prime factors of 5908735?
5, 7, 401, 421
What are the prime factors of 25936940?
2, 5, 317, 4091
List the prime factors of 16138500.
2, 3, 5, 7, 29, 53
List the prime factors of 14618927.
47, 311041
List the prime factors of 5459877.
3, 606653
List the prime factors of 4634727.
3, 17, 19, 4783
List the prime factors of 8407095.
3, 5, 17, 32969
List the prime factors of 288455.
5, 31, 1861
What are the prime factors of 2315641?
2315641
What are the prime factors of 203052?
2, 3, 16921
List the prime factors of 27918.
2, 3, 11, 47
What are the prime factors of 311241?
3, 7, 14821
What are the prime factors of 1481316?
2, 3, 19, 73, 89
List the prime factors of 291762.
2, 3, 1801
List the prime factors of 6455485.
5, 59, 79, 277
What are the prime factors of 844920?
2, 3, 5, 2347
List the prime factors of 4197650.
2, 5, 37, 2269
What are the prime factors of 1526623?
7, 467
What are the prime factors of 76711?
41, 1871
What are the prime factors of 116674?
2, 58337
List the prime factors of 24812255.
5, 13, 29, 13163
List the prime factors of 30537087.
3, 7, 29, 41, 1223
List the prime factors of 26845091.
7, 13, 17, 37, 67
List the prime factors of 11867799.
3, 19, 208207
What are the prime factors of 487546?
2, 317, 769
What are the prime factors of 4211363?
13, 323951
What are the prime factors of 401084?
2, 100271
What are the prime factors of 26737336?
2, 3342167
List the prime factors of 9507469.
691, 13759
List the prime factors of 123511.
29, 4259
What are the prime factors of 7373983?
7373983
List the prime factors of 3017646.
2, 3, 23, 37, 197
What are the prime factors of 37412?
2, 47, 199
List the prime factors of 2355531.
3, 37, 21221
What are the prime factors of 5579019?
3, 263, 2357
What are the prime factors of 122066?
2, 7, 8719
What are the prime factors of 12418?
2, 7, 887
What are the prime factors of 242539?
11, 17, 1297
What are the prime factors of 266703?
3, 19, 4679
List the prime factors of 3359683.
3359683
What are the prime factors of 20019615?
3, 5, 7, 11, 17333
List the prime factors of 1322971.
13, 149, 683
List the prime factors of 6470866.
2, 23, 41, 47, 73
What are the prime factors of 38515754?
2, 23, 67, 12497
List the prime factors of 8521803.
3, 37, 157, 163
What are the prime factors of 857680?
2, 5, 71, 151
What are the prime factors of 186375?
3, 5, 7, 71
List the prime factors of 717849.
3, 11, 2417
List the prime factors of 277039.
7, 19, 2083
List the prime factors of 3720177.
3, 413353
List the prime factors of 5082453.
3, 29, 6491
What are the prime factors of 601095?
3, 5, 11, 3643
What are the prime factors of 1099330?
2, 5, 47, 2339
What are the prime factors of 24348162?
2, 3, 47, 86341
List the prime factors of 443123.
443123
What are the prime factors of 64394?
2, 11, 2927
List the prime factors of 276878.
2, 7, 19777
List the prime factors of 2109096.
2, 3, 11, 2663
What are the prime factors of 10867044?
2, 3, 905587
What are the prime factors of 37940604?
2, 3, 13, 243209
What are the prime factors of 22385931?
3, 163, 45779
List the prime factors of 14840643.
3, 17, 290993
List the prime factors of 2986376.
2, 373297
List the prime factors of 6457681.
6457681
What are the prime factors of 5253062?
2, 23, 114197
List the prime factors of 356958.
2, 3, 7, 2833
List the prime factors of 1780524.
2, 3, 49459
What are the prime factors of 365677?
13, 23, 1223
What are the prime factors of 316094?
2, 158047
List the prime factors of 86712.
2, 3, 3613
What are the prime factors of 130519?
47, 2777
List the prime factors of 9892912.
2, 17, 37, 983
What are the prime factors of 262762?
2, 131381
List the prime factors of 10918314.
2, 3, 11, 557
List the prime factors of 2850875.
5, 22807
What are the prime factors of 6057027?
3, 23, 29, 1009
What are the prime factors of 5806780?
2, 5, 7, 19, 37, 59
List the prime factors of 8001151.
149, 53699
What are the prime factors of 11918332?
2, 2979583
List the prime factors of 8587254.
2, 3, 13, 89, 1237
List the prime factors of 47830.
2, 5, 4783
List the prime factors of 8433.
3, 937
What are the prime factors of 217851?
3, 72617
List the prime factors of 18521500.
2, 5, 17, 2179
What are the prime factors of 22996532?
2, 13, 89, 4969
What are the prime factors of 114951?
3, 38317
What are the prime factors of 20393982?
2, 3, 7, 17, 9521
What are the prime factors of 693122?
2, 346561
List the prime factors of 813609.
3, 90401
List the prime factors of 7888350.
2, 3, 5, 43, 1223
List the prime factors of 199935.
3, 5, 1481
What are the prime factors of 438472?
2, 23, 2383
List the prime factors of 651431.
11, 59221
What are the prime factors of 1323665?
5, 7, 59, 641
List the prime factors of 6415760.
2, 5, 13, 31, 199
What are the prime factors of 12835590?
2, 3, 5, 73, 5861
What are the prime factors of 163672?
2, 41, 499
List the prime factors of 1947949.
193, 10093
List the prime factors of 18192798.
2, 3, 13, 77747
What are the prime factors of 504374?
2, 13, 19, 1021
List the prime factors of 2375048.
2, 13, 41, 557
What are the prime factors of 216955?
5, 43391
What are the prime factors of 2148951?
3, 7, 31, 3301
What are the prime factors of 761659?
43, 17713
What are the prime factors of 120970?
2, 5, 12097
What are the prime factors of 5485066?
2, 2742533
What are the prime factors of 395455?
5, 139, 569
List the prime factors of 445716.
2, 3, 4127
What are the prime factors of 502751?
71, 73, 97
List the prime factors of 284067.
3, 7, 167
What are the prime factors of 14514255?
3, 5, 7, 15359
What are the prime factors of 2935637?
71, 173, 239
List the prime factors of 282816.
2, 3, 491
List the prime factors of 8570807.
7, 107, 11443
List the prime factors of 882105.
3, 5, 7, 31, 271
List the prime factors of 2469815.
5, 307, 1609
What are the prime factors of 1233816?
2, 3, 101, 509
What are the prime factors of 367016?
2, 13, 3529
List the prime factors of 23032169.
23032169
List the prime factors of 114807.
3, 7, 11, 71
List the prime factors of 1120228.
2, 103, 2719
What are the prime factors of 792486?
2, 3, 44027
What are the prime factors of 776914?
2, 463, 839
What are the prime factors of 17678576?
2, 139, 7949
List the prime factors of 6376557.
3, 11, 199, 971
What are the prime factors of 349096?
2, 11, 3967
What are the prime factors of 448742?
2, 7, 19, 241
List the prime factors of 842189.
29, 113, 257
List the prime factors of 45740.
2, 5, 2287
What are the prime factors of 700556?
2, 43, 4073
List the prime factors of 867338.
2, 47, 9227
What are the prime factors of 5977536?
2, 3, 163, 191
What are the prime factors of 98472?
2, 3, 11, 373
List the prime factors of 2569839.
3, 17, 41, 1229
List the prime factors of 168521.
17, 23, 431
What are the prime factors of 26271?
3, 7, 139
List the prime factors of 202059.
3, 11, 13, 157
List the prime factors of 5496176.
2, 7, 31, 1583
What are the prime factors of 3743785?
5, 47, 89, 179
What are the prime factors of 38626?
2, 7, 31, 89
List the prime factors of 1770482.
2, 7, 17, 43, 173
What are the prime factors of 696073?
7, 99439
What are the prime factors of 322482?
2, 3, 71, 757
List the prime factors of 1259574.
2, 3, 209929
List the prime factors of 3075388.
2, 349, 2203
What are the prime factors of 108272?
2, 67, 101
List the prime factors of 1311747.
3, 59, 7411
List the prime factors of 201368.
2, 25171
List the prime factors of 1867797.
3, 37, 71, 79
List the prime factors of 1026086.
2, 17, 103, 293
List the prime factors of 165806.
2, 82903
List the prime factors of 973003.
973003
List the prime factors of 2361410.
2, 5, 23, 10267
List the prime factors of 5013085.
5, 7, 11, 29, 449
What are the prime factors of 78384?
2, 3, 23, 71
List the prime factors of 486873.
3, 47, 1151
What are the prime factors of 243459?
3, 71, 127
What are the prime factors of 6534427?
59, 110753
What are 